{"id":5782,"date":"2021-12-23T12:29:17","date_gmt":"2021-12-23T12:29:17","guid":{"rendered":"https:\/\/www.dressy.design\/p\/lugga-puf-moderno-asiento-adicional-reposapies\/"},"modified":"2022-06-08T09:45:11","modified_gmt":"2022-06-08T07:45:11","slug":"lugga-puf-moderno-asiento-adicional-reposapies","status":"publish","type":"product","link":"https:\/\/www.dressy.design\/en\/p\/lugga-puf-moderno-asiento-adicional-reposapies\/","title":{"rendered":"LUGGA"},"content":{"rendered":"\t<div id=\"gap-2054072722\" class=\"gap-element clearfix hide-for-small\" style=\"display:block; height:auto;\">\n\t\t\n<style>\n#gap-2054072722 {\n  padding-top: 50px;\n}\n<\/style>\n\t<\/div>\n\t\n<div class=\"row descripcion-parte-1\"  id=\"row-1909725038\">\n\n\t<div id=\"col-490294069\" class=\"col hide-for-small medium-1 small-12 large-1\"  >\n\t\t\t\t<div class=\"col-inner\"  >\n\t\t\t\n\t\t\t\n\t\t<\/div>\n\t\t\t\t\t<\/div>\n\n\t\n\n\t<div id=\"col-2133075143\" class=\"col medium-6 small-12 large-6\"  data-animate=\"fadeInDown\">\n\t\t\t\t<div class=\"col-inner\"  >\n\t\t\t\n\t\t\t\n\t<div class=\"img has-hover x md-x lg-x y md-y lg-y\" id=\"image_1375403606\">\n\t\t\t\t\t\t\t\t<div class=\"img-inner image-zoom dark\" >\n\t\t\t<img loading=\"lazy\" decoding=\"async\" width=\"800\" height=\"800\" src=\"https:\/\/www.dressy.design\/wp-content\/uploads\/2021\/11\/Pouf-Lugga_Galeria_01.webp\" class=\"attachment-large size-large\" alt=\"\" srcset=\"https:\/\/www.dressy.design\/wp-content\/uploads\/2021\/11\/Pouf-Lugga_Galeria_01.webp 800w, https:\/\/www.dressy.design\/wp-content\/uploads\/2021\/11\/Pouf-Lugga_Galeria_01-150x150.webp 150w, https:\/\/www.dressy.design\/wp-content\/uploads\/2021\/11\/Pouf-Lugga_Galeria_01-768x768.webp 768w, https:\/\/www.dressy.design\/wp-content\/uploads\/2021\/11\/Pouf-Lugga_Galeria_01-300x300.webp 300w, https:\/\/www.dressy.design\/wp-content\/uploads\/2021\/11\/Pouf-Lugga_Galeria_01-640x640.webp 640w, https:\/\/www.dressy.design\/wp-content\/uploads\/2021\/11\/Pouf-Lugga_Galeria_01-50x50.webp 50w, https:\/\/www.dressy.design\/wp-content\/uploads\/2021\/11\/Pouf-Lugga_Galeria_01-100x100.webp 100w, https:\/\/www.dressy.design\/wp-content\/uploads\/2021\/11\/Pouf-Lugga_Galeria_01-600x600.webp 600w\" sizes=\"auto, (max-width: 800px) 100vw, 800px\" \/>\t\t\t\t\t\t\n\t\t\t\t\t<\/div>\n\t\t\t\t\t\t\t\t\n<style>\n#image_1375403606 {\n  width: 100%;\n}\n<\/style>\n\t<\/div>\n\t\n\t\t<\/div>\n\t\t\t\t\t<\/div>\n\n\t\n\n\t<div id=\"col-357446896\" class=\"col medium-3 small-12 large-3\"  data-animate=\"fadeInDown\">\n\t\t\t\t<div class=\"col-inner\"  >\n\t\t\t\n\t\t\t\n\t<div id=\"text-502655070\" class=\"text justify\">\n\t\t\n<p>The Lugga pouf collection refers to the set of objects that accompany travellers on their journeys. Its contrasting stitching develops in a characteristic geometric pattern, reminiscent of old leather suitcases. Designed to be easily<br \/>\nhandled and transportable by using its handles, Lugga is the perfect ally for any type of environment, as it can be used as an additional seat, a footrest or a practical surface.<\/p>\n\t\t\t<\/div>\n\t\n\t\t<\/div>\n\t\t\t\t\t<\/div>\n\n\t\n<\/div>\n\t<div id=\"gap-860831475\" class=\"gap-element clearfix hide-for-small\" style=\"display:block; height:auto;\">\n\t\t\n<style>\n#gap-860831475 {\n  padding-top: 50px;\n}\n<\/style>\n\t<\/div>\n\t\n<div class=\"row descripcion-parte-1\"  id=\"row-1252846895\">\n<\/div>\n","protected":false},"excerpt":{"rendered":"<p>60&#215;60 or 90&#215;90 pouf that can be used as an additional seat, footrest or practical support surface.<\/p>\n<p><strong>Designer<\/strong><br \/>\n<a href=\"https:\/\/www.dressy.design\/en\/c\/designers\/arnau-y-reyna\/\">Arnau y Reyna<\/a><\/p>\n","protected":false},"featured_media":4861,"template":"","meta":{"_acf_changed":false},"product_brand":[],"product_cat":[259,247,236],"product_tag":[],"class_list":{"0":"post-5782","1":"product","2":"type-product","3":"status-publish","4":"has-post-thumbnail","6":"product_cat-arnau-y-reyna","7":"product_cat-lugga-en","8":"product_cat-pouf-en","10":"first","11":"instock","12":"product-type-simple"},"acf":[],"yoast_head":"<!-- This site is optimized with the Yoast SEO plugin v27.2 - https:\/\/yoast.com\/product\/yoast-seo-wordpress\/ -->\n<title>Puf moderno de dise\u00f1o como asiento adicional o reposapi\u00e9s Dressy<\/title>\n<meta name=\"description\" content=\"Puf de dise\u00f1o 60\u00d760 90\u00d790 que puede emplearse como asiento adicional, reposapi\u00e9s o una pr\u00e1ctica superficie de apoyo por Arnau y Reyna\" \/>\n<meta name=\"robots\" content=\"index, follow, max-snippet:-1, max-image-preview:large, max-video-preview:-1\" \/>\n<link rel=\"canonical\" href=\"https:\/\/www.dressy.design\/en\/p\/lugga-puf-moderno-asiento-adicional-reposapies\/\" \/>\n<meta property=\"og:locale\" content=\"en_US\" \/>\n<meta property=\"og:type\" content=\"article\" \/>\n<meta property=\"og:title\" content=\"Puf moderno de dise\u00f1o como asiento adicional o reposapi\u00e9s Dressy\" \/>\n<meta property=\"og:description\" content=\"Puf de dise\u00f1o 60\u00d760 90\u00d790 que puede emplearse como asiento adicional, reposapi\u00e9s o una pr\u00e1ctica superficie de apoyo por Arnau y Reyna\" \/>\n<meta property=\"og:url\" content=\"https:\/\/www.dressy.design\/en\/p\/lugga-puf-moderno-asiento-adicional-reposapies\/\" \/>\n<meta property=\"og:site_name\" content=\"Dressy\" \/>\n<meta property=\"article:modified_time\" content=\"2022-06-08T07:45:11+00:00\" \/>\n<meta property=\"og:image\" content=\"https:\/\/www.dressy.design\/wp-content\/uploads\/2021\/12\/p_Pouf-Lugga-1.webp\" \/>\n\t<meta property=\"og:image:width\" content=\"1195\" \/>\n\t<meta property=\"og:image:height\" content=\"1195\" \/>\n\t<meta property=\"og:image:type\" content=\"image\/webp\" \/>\n<meta name=\"twitter:card\" content=\"summary_large_image\" \/>\n<meta name=\"twitter:label1\" content=\"Est. reading time\" \/>\n\t<meta name=\"twitter:data1\" content=\"1 minute\" \/>\n<script type=\"application\/ld+json\" class=\"yoast-schema-graph\">{\"@context\":\"https:\/\/schema.org\",\"@graph\":[{\"@type\":\"WebPage\",\"@id\":\"https:\/\/www.dressy.design\/en\/p\/lugga-puf-moderno-asiento-adicional-reposapies\/\",\"url\":\"https:\/\/www.dressy.design\/en\/p\/lugga-puf-moderno-asiento-adicional-reposapies\/\",\"name\":\"Puf moderno de dise\u00f1o como asiento adicional o reposapi\u00e9s Dressy\",\"isPartOf\":{\"@id\":\"https:\/\/www.dressy.design\/en\/#website\"},\"primaryImageOfPage\":{\"@id\":\"https:\/\/www.dressy.design\/en\/p\/lugga-puf-moderno-asiento-adicional-reposapies\/#primaryimage\"},\"image\":{\"@id\":\"https:\/\/www.dressy.design\/en\/p\/lugga-puf-moderno-asiento-adicional-reposapies\/#primaryimage\"},\"thumbnailUrl\":\"https:\/\/www.dressy.design\/wp-content\/uploads\/2021\/12\/p_Pouf-Lugga-1.webp\",\"datePublished\":\"2021-12-23T12:29:17+00:00\",\"dateModified\":\"2022-06-08T07:45:11+00:00\",\"description\":\"Puf de dise\u00f1o 60\u00d760 90\u00d790 que puede emplearse como asiento adicional, reposapi\u00e9s o una pr\u00e1ctica superficie de apoyo por Arnau y Reyna\",\"breadcrumb\":{\"@id\":\"https:\/\/www.dressy.design\/en\/p\/lugga-puf-moderno-asiento-adicional-reposapies\/#breadcrumb\"},\"inLanguage\":\"en-US\",\"potentialAction\":[{\"@type\":\"ReadAction\",\"target\":[\"https:\/\/www.dressy.design\/en\/p\/lugga-puf-moderno-asiento-adicional-reposapies\/\"]}]},{\"@type\":\"ImageObject\",\"inLanguage\":\"en-US\",\"@id\":\"https:\/\/www.dressy.design\/en\/p\/lugga-puf-moderno-asiento-adicional-reposapies\/#primaryimage\",\"url\":\"https:\/\/www.dressy.design\/wp-content\/uploads\/2021\/12\/p_Pouf-Lugga-1.webp\",\"contentUrl\":\"https:\/\/www.dressy.design\/wp-content\/uploads\/2021\/12\/p_Pouf-Lugga-1.webp\",\"width\":1195,\"height\":1195},{\"@type\":\"BreadcrumbList\",\"@id\":\"https:\/\/www.dressy.design\/en\/p\/lugga-puf-moderno-asiento-adicional-reposapies\/#breadcrumb\",\"itemListElement\":[{\"@type\":\"ListItem\",\"position\":1,\"name\":\"Portada\",\"item\":\"https:\/\/www.dressy.design\/en\/\"},{\"@type\":\"ListItem\",\"position\":2,\"name\":\"Tienda\",\"item\":\"https:\/\/www.dressy.design\/es\/?page_id=180\"},{\"@type\":\"ListItem\",\"position\":3,\"name\":\"LUGGA\"}]},{\"@type\":\"WebSite\",\"@id\":\"https:\/\/www.dressy.design\/en\/#website\",\"url\":\"https:\/\/www.dressy.design\/en\/\",\"name\":\"Dressy\",\"description\":\"Sillas y mesas de m\u00e1xima calidad y dise\u00f1o\",\"potentialAction\":[{\"@type\":\"SearchAction\",\"target\":{\"@type\":\"EntryPoint\",\"urlTemplate\":\"https:\/\/www.dressy.design\/en\/?s={search_term_string}\"},\"query-input\":{\"@type\":\"PropertyValueSpecification\",\"valueRequired\":true,\"valueName\":\"search_term_string\"}}],\"inLanguage\":\"en-US\"}]}<\/script>\n<!-- \/ Yoast SEO plugin. -->","yoast_head_json":{"title":"Puf moderno de dise\u00f1o como asiento adicional o reposapi\u00e9s Dressy","description":"Puf de dise\u00f1o 60\u00d760 90\u00d790 que puede emplearse como asiento adicional, reposapi\u00e9s o una pr\u00e1ctica superficie de apoyo por Arnau y Reyna","robots":{"index":"index","follow":"follow","max-snippet":"max-snippet:-1","max-image-preview":"max-image-preview:large","max-video-preview":"max-video-preview:-1"},"canonical":"https:\/\/www.dressy.design\/en\/p\/lugga-puf-moderno-asiento-adicional-reposapies\/","og_locale":"en_US","og_type":"article","og_title":"Puf moderno de dise\u00f1o como asiento adicional o reposapi\u00e9s Dressy","og_description":"Puf de dise\u00f1o 60\u00d760 90\u00d790 que puede emplearse como asiento adicional, reposapi\u00e9s o una pr\u00e1ctica superficie de apoyo por Arnau y Reyna","og_url":"https:\/\/www.dressy.design\/en\/p\/lugga-puf-moderno-asiento-adicional-reposapies\/","og_site_name":"Dressy","article_modified_time":"2022-06-08T07:45:11+00:00","og_image":[{"width":1195,"height":1195,"url":"https:\/\/www.dressy.design\/wp-content\/uploads\/2021\/12\/p_Pouf-Lugga-1.webp","type":"image\/webp"}],"twitter_card":"summary_large_image","twitter_misc":{"Est. reading time":"1 minute"},"schema":{"@context":"https:\/\/schema.org","@graph":[{"@type":"WebPage","@id":"https:\/\/www.dressy.design\/en\/p\/lugga-puf-moderno-asiento-adicional-reposapies\/","url":"https:\/\/www.dressy.design\/en\/p\/lugga-puf-moderno-asiento-adicional-reposapies\/","name":"Puf moderno de dise\u00f1o como asiento adicional o reposapi\u00e9s Dressy","isPartOf":{"@id":"https:\/\/www.dressy.design\/en\/#website"},"primaryImageOfPage":{"@id":"https:\/\/www.dressy.design\/en\/p\/lugga-puf-moderno-asiento-adicional-reposapies\/#primaryimage"},"image":{"@id":"https:\/\/www.dressy.design\/en\/p\/lugga-puf-moderno-asiento-adicional-reposapies\/#primaryimage"},"thumbnailUrl":"https:\/\/www.dressy.design\/wp-content\/uploads\/2021\/12\/p_Pouf-Lugga-1.webp","datePublished":"2021-12-23T12:29:17+00:00","dateModified":"2022-06-08T07:45:11+00:00","description":"Puf de dise\u00f1o 60\u00d760 90\u00d790 que puede emplearse como asiento adicional, reposapi\u00e9s o una pr\u00e1ctica superficie de apoyo por Arnau y Reyna","breadcrumb":{"@id":"https:\/\/www.dressy.design\/en\/p\/lugga-puf-moderno-asiento-adicional-reposapies\/#breadcrumb"},"inLanguage":"en-US","potentialAction":[{"@type":"ReadAction","target":["https:\/\/www.dressy.design\/en\/p\/lugga-puf-moderno-asiento-adicional-reposapies\/"]}]},{"@type":"ImageObject","inLanguage":"en-US","@id":"https:\/\/www.dressy.design\/en\/p\/lugga-puf-moderno-asiento-adicional-reposapies\/#primaryimage","url":"https:\/\/www.dressy.design\/wp-content\/uploads\/2021\/12\/p_Pouf-Lugga-1.webp","contentUrl":"https:\/\/www.dressy.design\/wp-content\/uploads\/2021\/12\/p_Pouf-Lugga-1.webp","width":1195,"height":1195},{"@type":"BreadcrumbList","@id":"https:\/\/www.dressy.design\/en\/p\/lugga-puf-moderno-asiento-adicional-reposapies\/#breadcrumb","itemListElement":[{"@type":"ListItem","position":1,"name":"Portada","item":"https:\/\/www.dressy.design\/en\/"},{"@type":"ListItem","position":2,"name":"Tienda","item":"https:\/\/www.dressy.design\/es\/?page_id=180"},{"@type":"ListItem","position":3,"name":"LUGGA"}]},{"@type":"WebSite","@id":"https:\/\/www.dressy.design\/en\/#website","url":"https:\/\/www.dressy.design\/en\/","name":"Dressy","description":"Sillas y mesas de m\u00e1xima calidad y dise\u00f1o","potentialAction":[{"@type":"SearchAction","target":{"@type":"EntryPoint","urlTemplate":"https:\/\/www.dressy.design\/en\/?s={search_term_string}"},"query-input":{"@type":"PropertyValueSpecification","valueRequired":true,"valueName":"search_term_string"}}],"inLanguage":"en-US"}]}},"_links":{"self":[{"href":"https:\/\/www.dressy.design\/en\/wp-json\/wp\/v2\/product\/5782","targetHints":{"allow":["GET"]}}],"collection":[{"href":"https:\/\/www.dressy.design\/en\/wp-json\/wp\/v2\/product"}],"about":[{"href":"https:\/\/www.dressy.design\/en\/wp-json\/wp\/v2\/types\/product"}],"wp:featuredmedia":[{"embeddable":true,"href":"https:\/\/www.dressy.design\/en\/wp-json\/wp\/v2\/media\/4861"}],"wp:attachment":[{"href":"https:\/\/www.dressy.design\/en\/wp-json\/wp\/v2\/media?parent=5782"}],"wp:term":[{"taxonomy":"product_brand","embeddable":true,"href":"https:\/\/www.dressy.design\/en\/wp-json\/wp\/v2\/product_brand?post=5782"},{"taxonomy":"product_cat","embeddable":true,"href":"https:\/\/www.dressy.design\/en\/wp-json\/wp\/v2\/product_cat?post=5782"},{"taxonomy":"product_tag","embeddable":true,"href":"https:\/\/www.dressy.design\/en\/wp-json\/wp\/v2\/product_tag?post=5782"}],"curies":[{"name":"wp","href":"https:\/\/api.w.org\/{rel}","templated":true}]}}

<!-- This site is optimized with the Yoast SEO plugin v27.2 - https://yoast.com/product/yoast-seo-wordpress/ -->
<title>Puf moderno de diseño como asiento adicional o reposapiés Dressy</title>
<meta name="description" content="Puf de diseño 60×60 90×90 que puede emplearse como asiento adicional, reposapiés o una práctica superficie de apoyo por Arnau y Reyna" />
<meta name="robots" content="index, follow, max-snippet:-1, max-image-preview:large, max-video-preview:-1" />
<link rel="canonical" href="https://www.dressy.design/en/p/lugga-puf-moderno-asiento-adicional-reposapies/" />
<meta property="og:locale" content="en_US" />
<meta property="og:type" content="article" />
<meta property="og:title" content="Puf moderno de diseño como asiento adicional o reposapiés Dressy" />
<meta property="og:description" content="Puf de diseño 60×60 90×90 que puede emplearse como asiento adicional, reposapiés o una práctica superficie de apoyo por Arnau y Reyna" />
<meta property="og:url" content="https://www.dressy.design/en/p/lugga-puf-moderno-asiento-adicional-reposapies/" />
<meta property="og:site_name" content="Dressy" />
<meta property="article:modified_time" content="2022-06-08T07:45:11+00:00" />
<meta property="og:image" content="https://www.dressy.design/wp-content/uploads/2021/12/p_Pouf-Lugga-1.webp" />
	<meta property="og:image:width" content="1195" />
	<meta property="og:image:height" content="1195" />
	<meta property="og:image:type" content="image/webp" />
<meta name="twitter:card" content="summary_large_image" />
<meta name="twitter:label1" content="Est. reading time" />
	<meta name="twitter:data1" content="1 minute" />
<script type="application/ld+json" class="yoast-schema-graph">{"@context":"https://schema.org","@graph":[{"@type":"WebPage","@id":"https://www.dressy.design/en/p/lugga-puf-moderno-asiento-adicional-reposapies/","url":"https://www.dressy.design/en/p/lugga-puf-moderno-asiento-adicional-reposapies/","name":"Puf moderno de diseño como asiento adicional o reposapiés Dressy","isPartOf":{"@id":"https://www.dressy.design/en/#website"},"primaryImageOfPage":{"@id":"https://www.dressy.design/en/p/lugga-puf-moderno-asiento-adicional-reposapies/#primaryimage"},"image":{"@id":"https://www.dressy.design/en/p/lugga-puf-moderno-asiento-adicional-reposapies/#primaryimage"},"thumbnailUrl":"https://www.dressy.design/wp-content/uploads/2021/12/p_Pouf-Lugga-1.webp","datePublished":"2021-12-23T12:29:17+00:00","dateModified":"2022-06-08T07:45:11+00:00","description":"Puf de diseño 60×60 90×90 que puede emplearse como asiento adicional, reposapiés o una práctica superficie de apoyo por Arnau y Reyna","breadcrumb":{"@id":"https://www.dressy.design/en/p/lugga-puf-moderno-asiento-adicional-reposapies/#breadcrumb"},"inLanguage":"en-US","potentialAction":[{"@type":"ReadAction","target":["https://www.dressy.design/en/p/lugga-puf-moderno-asiento-adicional-reposapies/"]}]},{"@type":"ImageObject","inLanguage":"en-US","@id":"https://www.dressy.design/en/p/lugga-puf-moderno-asiento-adicional-reposapies/#primaryimage","url":"https://www.dressy.design/wp-content/uploads/2021/12/p_Pouf-Lugga-1.webp","contentUrl":"https://www.dressy.design/wp-content/uploads/2021/12/p_Pouf-Lugga-1.webp","width":1195,"height":1195},{"@type":"BreadcrumbList","@id":"https://www.dressy.design/en/p/lugga-puf-moderno-asiento-adicional-reposapies/#breadcrumb","itemListElement":[{"@type":"ListItem","position":1,"name":"Portada","item":"https://www.dressy.design/en/"},{"@type":"ListItem","position":2,"name":"Tienda","item":"https://www.dressy.design/es/?page_id=180"},{"@type":"ListItem","position":3,"name":"LUGGA"}]},{"@type":"WebSite","@id":"https://www.dressy.design/en/#website","url":"https://www.dressy.design/en/","name":"Dressy","description":"Sillas y mesas de máxima calidad y diseño","potentialAction":[{"@type":"SearchAction","target":{"@type":"EntryPoint","urlTemplate":"https://www.dressy.design/en/?s={search_term_string}"},"query-input":{"@type":"PropertyValueSpecification","valueRequired":true,"valueName":"search_term_string"}}],"inLanguage":"en-US"}]}</script>
<!-- / Yoast SEO plugin. -->

Puf moderno de diseño como asiento adicional o reposapiés Dressy

Puf de diseño 60×60 90×90 que puede emplearse como asiento adicional, reposapiés o una práctica superficie de apoyo por Arnau y Reyna

Sillas y mesas de máxima calidad y diseño
