{"id":2262,"date":"2021-12-23T12:29:07","date_gmt":"2021-12-24T12:11:51","guid":{"rendered":"https:\/\/www.dressy.design\/p\/nubo-4103\/"},"modified":"2022-06-08T12:15:18","modified_gmt":"2022-06-08T10:15:18","slug":"nubo-4103","status":"publish","type":"product","link":"https:\/\/www.dressy.design\/fr\/p\/nubo-4103\/","title":{"rendered":"NUBO 4103"},"content":{"rendered":"\t<div id=\"gap-992076286\" class=\"gap-element clearfix hide-for-small\" style=\"display:block; height:auto;\">\n\t\t\n<style>\n#gap-992076286 {\n  padding-top: 50px;\n}\n<\/style>\n\t<\/div>\n\t\n<div class=\"row descripcion-parte-1\"  id=\"row-196200729\">\n\n\t<div id=\"col-1196713642\" class=\"col hide-for-small medium-3 small-12 large-3\"  >\n\t\t\t\t<div class=\"col-inner\"  >\n\t\t\t\n\t\t\t\n\t\t<\/div>\n\t\t\t\t\t<\/div>\n\n\t\n\n\t<div id=\"col-1433464187\" class=\"col medium-5 small-12 large-5\"  data-animate=\"fadeInDown\">\n\t\t\t\t<div class=\"col-inner\"  >\n\t\t\t\n\t\t\t\n\t<div class=\"img has-hover x md-x lg-x y md-y lg-y\" id=\"image_1058801619\">\n\t\t\t\t\t\t\t\t<div class=\"img-inner image-zoom dark\" >\n\t\t\t<img loading=\"lazy\" decoding=\"async\" width=\"800\" height=\"800\" src=\"https:\/\/www.dressy.design\/wp-content\/uploads\/2021\/11\/Silla-Nubo-4102_Galeria_02.webp\" class=\"attachment-large size-large\" alt=\"\" srcset=\"https:\/\/www.dressy.design\/wp-content\/uploads\/2021\/11\/Silla-Nubo-4102_Galeria_02.webp 800w, https:\/\/www.dressy.design\/wp-content\/uploads\/2021\/11\/Silla-Nubo-4102_Galeria_02-150x150.webp 150w, https:\/\/www.dressy.design\/wp-content\/uploads\/2021\/11\/Silla-Nubo-4102_Galeria_02-768x768.webp 768w, https:\/\/www.dressy.design\/wp-content\/uploads\/2021\/11\/Silla-Nubo-4102_Galeria_02-300x300.webp 300w, https:\/\/www.dressy.design\/wp-content\/uploads\/2021\/11\/Silla-Nubo-4102_Galeria_02-640x640.webp 640w, https:\/\/www.dressy.design\/wp-content\/uploads\/2021\/11\/Silla-Nubo-4102_Galeria_02-50x50.webp 50w, https:\/\/www.dressy.design\/wp-content\/uploads\/2021\/11\/Silla-Nubo-4102_Galeria_02-100x100.webp 100w, https:\/\/www.dressy.design\/wp-content\/uploads\/2021\/11\/Silla-Nubo-4102_Galeria_02-600x600.webp 600w\" sizes=\"auto, (max-width: 800px) 100vw, 800px\" \/>\t\t\t\t\t\t\n\t\t\t\t\t<\/div>\n\t\t\t\t\t\t\t\t\n<style>\n#image_1058801619 {\n  width: 100%;\n}\n<\/style>\n\t<\/div>\n\t\n\t\t<\/div>\n\t\t\t\t\t<\/div>\n\n\t\n\n\t<div id=\"col-238866233\" class=\"col medium-4 small-12 large-4\"  >\n\t\t\t\t<div class=\"col-inner\"  >\n\t\t\t\n\t\t\t\n\t<div class=\"img has-hover x md-x lg-x y md-y lg-y\" id=\"image_2007747109\">\n\t\t\t\t\t\t\t\t<div class=\"img-inner dark\" >\n\t\t\t<img loading=\"lazy\" decoding=\"async\" width=\"550\" height=\"800\" src=\"https:\/\/www.dressy.design\/wp-content\/uploads\/2021\/11\/Silla-Nubo-4103_Galeria_01.webp\" class=\"attachment-large size-large\" alt=\"\" srcset=\"https:\/\/www.dressy.design\/wp-content\/uploads\/2021\/11\/Silla-Nubo-4103_Galeria_01.webp 550w, https:\/\/www.dressy.design\/wp-content\/uploads\/2021\/11\/Silla-Nubo-4103_Galeria_01-150x218.webp 150w, https:\/\/www.dressy.design\/wp-content\/uploads\/2021\/11\/Silla-Nubo-4103_Galeria_01-34x50.webp 34w, https:\/\/www.dressy.design\/wp-content\/uploads\/2021\/11\/Silla-Nubo-4103_Galeria_01-69x100.webp 69w, https:\/\/www.dressy.design\/wp-content\/uploads\/2021\/11\/Silla-Nubo-4103_Galeria_01-300x436.webp 300w\" sizes=\"auto, (max-width: 550px) 100vw, 550px\" \/>\t\t\t\t\t\t\n\t\t\t\t\t<\/div>\n\t\t\t\t\t\t\t\t\n<style>\n#image_2007747109 {\n  width: 87.5%;\n}\n<\/style>\n\t<\/div>\n\t\n\t\t<\/div>\n\t\t\t\t\t<\/div>\n\n\t\n<\/div>\n<div class=\"row descripcion-parte-1\"  id=\"row-1319261162\">\n\n\t<div id=\"col-1760085863\" class=\"col hide-for-small medium-3 small-12 large-3\"  >\n\t\t\t\t<div class=\"col-inner\"  >\n\t\t\t\n\t\t\t\n\t\t<\/div>\n\t\t\t\t\t<\/div>\n\n\t\n\n\t<div id=\"col-1099549374\" class=\"col medium-8 small-12 large-8\"  data-animate=\"fadeInDown\">\n\t\t\t\t<div class=\"col-inner\"  >\n\t\t\t\n\t\t\t\n<p>Nubo est la nouvelle collection de si\u00e8ges con\u00e7ue par Santiago Sevillano, r\u00e9sultat d\u2019un travail artisanal soign\u00e9 qui continue \u00e0 rechercher de nouvelles expressions. L\u2019une de ses principales caract\u00e9ristiques formelles est la r\u00e9union des parties du dossier, qui donne du volume \u00e0 la pi\u00e8ce comme s\u2019il s\u2019agissait de la fusion de trois nuages. Disponible avec quatre types de pieds, dont un rotatif, ce qui conf\u00e8re \u00e0 la collection une grande polyvalence lors de la configuration du produit. Le dossier peut \u00eatre haut ou bas. La collection comprend \u00e9galement un fauteuil de type lounge.<\/p>\n\t\t<\/div>\n\t\t\t\t\t<\/div>\n\n\t\n<\/div>\n","protected":false},"excerpt":{"rendered":"<p>Chaise pivotant de dossier haut et pied central central fixe en m\u00e9tal avec coque enti\u00e8rement tapiss\u00e9e en mousse de polyur\u00e9thane inject\u00e9e.\u200e<\/p>\n<p><strong>Designer<\/strong><br \/>\n<a href=\"https:\/\/www.dressy.design\/fr\/c\/dessinateurs\/santiago-sevillano\/\">Santiago Sevillano<\/a><\/p>\n","protected":false},"featured_media":7628,"template":"","meta":{"_acf_changed":false},"product_brand":[],"product_cat":[149,82,88],"product_tag":[],"class_list":{"0":"post-2262","1":"product","2":"type-product","3":"status-publish","4":"has-post-thumbnail","6":"product_cat-chaise","7":"product_cat-nubo","8":"product_cat-santiago-sevillano","10":"first","11":"instock","12":"product-type-simple"},"acf":[],"yoast_head":"<!-- This site is optimized with the Yoast SEO plugin v27.2 - https:\/\/yoast.com\/product\/yoast-seo-wordpress\/ -->\n<title>NUBO 4103 | Dressy<\/title>\n<meta name=\"robots\" content=\"index, follow, max-snippet:-1, max-image-preview:large, max-video-preview:-1\" \/>\n<link rel=\"canonical\" href=\"https:\/\/www.dressy.design\/fr\/p\/nubo-4103\/\" \/>\n<meta property=\"og:locale\" content=\"fr_FR\" \/>\n<meta property=\"og:type\" content=\"article\" \/>\n<meta property=\"og:title\" content=\"NUBO 4103 | Dressy\" \/>\n<meta property=\"og:description\" content=\"Chaise pivotant de dossier haut et pied central central fixe en m\u00e9tal avec coque enti\u00e8rement tapiss\u00e9e en mousse de polyur\u00e9thane inject\u00e9e.\u200e  Designer\" \/>\n<meta property=\"og:url\" content=\"https:\/\/www.dressy.design\/fr\/p\/nubo-4103\/\" \/>\n<meta property=\"og:site_name\" content=\"Dressy\" \/>\n<meta property=\"article:modified_time\" content=\"2022-06-08T10:15:18+00:00\" \/>\n<meta property=\"og:image\" content=\"https:\/\/www.dressy.design\/wp-content\/uploads\/2021\/12\/p_Silla-Nubo-4103-4104.webp\" \/>\n\t<meta property=\"og:image:width\" content=\"1195\" \/>\n\t<meta property=\"og:image:height\" content=\"1195\" \/>\n\t<meta property=\"og:image:type\" content=\"image\/webp\" \/>\n<meta name=\"twitter:card\" content=\"summary_large_image\" \/>\n<meta name=\"twitter:label1\" content=\"Dur\u00e9e de lecture estim\u00e9e\" \/>\n\t<meta name=\"twitter:data1\" content=\"1 minute\" \/>\n<script type=\"application\/ld+json\" class=\"yoast-schema-graph\">{\"@context\":\"https:\/\/schema.org\",\"@graph\":[{\"@type\":\"WebPage\",\"@id\":\"https:\/\/www.dressy.design\/fr\/p\/nubo-4103\/\",\"url\":\"https:\/\/www.dressy.design\/fr\/p\/nubo-4103\/\",\"name\":\"NUBO 4103 | Dressy\",\"isPartOf\":{\"@id\":\"https:\/\/www.dressy.design\/fr\/#website\"},\"primaryImageOfPage\":{\"@id\":\"https:\/\/www.dressy.design\/fr\/p\/nubo-4103\/#primaryimage\"},\"image\":{\"@id\":\"https:\/\/www.dressy.design\/fr\/p\/nubo-4103\/#primaryimage\"},\"thumbnailUrl\":\"https:\/\/www.dressy.design\/wp-content\/uploads\/2021\/12\/0-Silla-Nubo-4103-4104.jpg\",\"datePublished\":\"2021-12-24T12:11:51+00:00\",\"dateModified\":\"2022-06-08T10:15:18+00:00\",\"breadcrumb\":{\"@id\":\"https:\/\/www.dressy.design\/fr\/p\/nubo-4103\/#breadcrumb\"},\"inLanguage\":\"fr-FR\",\"potentialAction\":[{\"@type\":\"ReadAction\",\"target\":[\"https:\/\/www.dressy.design\/fr\/p\/nubo-4103\/\"]}]},{\"@type\":\"ImageObject\",\"inLanguage\":\"fr-FR\",\"@id\":\"https:\/\/www.dressy.design\/fr\/p\/nubo-4103\/#primaryimage\",\"url\":\"https:\/\/www.dressy.design\/wp-content\/uploads\/2021\/12\/0-Silla-Nubo-4103-4104.jpg\",\"contentUrl\":\"https:\/\/www.dressy.design\/wp-content\/uploads\/2021\/12\/0-Silla-Nubo-4103-4104.jpg\",\"width\":1195,\"height\":1195},{\"@type\":\"BreadcrumbList\",\"@id\":\"https:\/\/www.dressy.design\/fr\/p\/nubo-4103\/#breadcrumb\",\"itemListElement\":[{\"@type\":\"ListItem\",\"position\":1,\"name\":\"Portada\",\"item\":\"https:\/\/www.dressy.design\/fr\/\"},{\"@type\":\"ListItem\",\"position\":2,\"name\":\"Tienda\",\"item\":\"https:\/\/www.dressy.design\/es\/?page_id=180\"},{\"@type\":\"ListItem\",\"position\":3,\"name\":\"NUBO 4103\"}]},{\"@type\":\"WebSite\",\"@id\":\"https:\/\/www.dressy.design\/fr\/#website\",\"url\":\"https:\/\/www.dressy.design\/fr\/\",\"name\":\"Dressy\",\"description\":\"Sillas y mesas de m\u00e1xima calidad y dise\u00f1o\",\"potentialAction\":[{\"@type\":\"SearchAction\",\"target\":{\"@type\":\"EntryPoint\",\"urlTemplate\":\"https:\/\/www.dressy.design\/fr\/?s={search_term_string}\"},\"query-input\":{\"@type\":\"PropertyValueSpecification\",\"valueRequired\":true,\"valueName\":\"search_term_string\"}}],\"inLanguage\":\"fr-FR\"}]}<\/script>\n<!-- \/ Yoast SEO plugin. -->","yoast_head_json":{"title":"NUBO 4103 | Dressy","robots":{"index":"index","follow":"follow","max-snippet":"max-snippet:-1","max-image-preview":"max-image-preview:large","max-video-preview":"max-video-preview:-1"},"canonical":"https:\/\/www.dressy.design\/fr\/p\/nubo-4103\/","og_locale":"fr_FR","og_type":"article","og_title":"NUBO 4103 | Dressy","og_description":"Chaise pivotant de dossier haut et pied central central fixe en m\u00e9tal avec coque enti\u00e8rement tapiss\u00e9e en mousse de polyur\u00e9thane inject\u00e9e.\u200e  Designer","og_url":"https:\/\/www.dressy.design\/fr\/p\/nubo-4103\/","og_site_name":"Dressy","article_modified_time":"2022-06-08T10:15:18+00:00","og_image":[{"width":1195,"height":1195,"url":"https:\/\/www.dressy.design\/wp-content\/uploads\/2021\/12\/p_Silla-Nubo-4103-4104.webp","type":"image\/webp"}],"twitter_card":"summary_large_image","twitter_misc":{"Dur\u00e9e de lecture estim\u00e9e":"1 minute"},"schema":{"@context":"https:\/\/schema.org","@graph":[{"@type":"WebPage","@id":"https:\/\/www.dressy.design\/fr\/p\/nubo-4103\/","url":"https:\/\/www.dressy.design\/fr\/p\/nubo-4103\/","name":"NUBO 4103 | Dressy","isPartOf":{"@id":"https:\/\/www.dressy.design\/fr\/#website"},"primaryImageOfPage":{"@id":"https:\/\/www.dressy.design\/fr\/p\/nubo-4103\/#primaryimage"},"image":{"@id":"https:\/\/www.dressy.design\/fr\/p\/nubo-4103\/#primaryimage"},"thumbnailUrl":"https:\/\/www.dressy.design\/wp-content\/uploads\/2021\/12\/0-Silla-Nubo-4103-4104.jpg","datePublished":"2021-12-24T12:11:51+00:00","dateModified":"2022-06-08T10:15:18+00:00","breadcrumb":{"@id":"https:\/\/www.dressy.design\/fr\/p\/nubo-4103\/#breadcrumb"},"inLanguage":"fr-FR","potentialAction":[{"@type":"ReadAction","target":["https:\/\/www.dressy.design\/fr\/p\/nubo-4103\/"]}]},{"@type":"ImageObject","inLanguage":"fr-FR","@id":"https:\/\/www.dressy.design\/fr\/p\/nubo-4103\/#primaryimage","url":"https:\/\/www.dressy.design\/wp-content\/uploads\/2021\/12\/0-Silla-Nubo-4103-4104.jpg","contentUrl":"https:\/\/www.dressy.design\/wp-content\/uploads\/2021\/12\/0-Silla-Nubo-4103-4104.jpg","width":1195,"height":1195},{"@type":"BreadcrumbList","@id":"https:\/\/www.dressy.design\/fr\/p\/nubo-4103\/#breadcrumb","itemListElement":[{"@type":"ListItem","position":1,"name":"Portada","item":"https:\/\/www.dressy.design\/fr\/"},{"@type":"ListItem","position":2,"name":"Tienda","item":"https:\/\/www.dressy.design\/es\/?page_id=180"},{"@type":"ListItem","position":3,"name":"NUBO 4103"}]},{"@type":"WebSite","@id":"https:\/\/www.dressy.design\/fr\/#website","url":"https:\/\/www.dressy.design\/fr\/","name":"Dressy","description":"Sillas y mesas de m\u00e1xima calidad y dise\u00f1o","potentialAction":[{"@type":"SearchAction","target":{"@type":"EntryPoint","urlTemplate":"https:\/\/www.dressy.design\/fr\/?s={search_term_string}"},"query-input":{"@type":"PropertyValueSpecification","valueRequired":true,"valueName":"search_term_string"}}],"inLanguage":"fr-FR"}]}},"_links":{"self":[{"href":"https:\/\/www.dressy.design\/fr\/wp-json\/wp\/v2\/product\/2262","targetHints":{"allow":["GET"]}}],"collection":[{"href":"https:\/\/www.dressy.design\/fr\/wp-json\/wp\/v2\/product"}],"about":[{"href":"https:\/\/www.dressy.design\/fr\/wp-json\/wp\/v2\/types\/product"}],"wp:featuredmedia":[{"embeddable":true,"href":"https:\/\/www.dressy.design\/fr\/wp-json\/wp\/v2\/media\/7628"}],"wp:attachment":[{"href":"https:\/\/www.dressy.design\/fr\/wp-json\/wp\/v2\/media?parent=2262"}],"wp:term":[{"taxonomy":"product_brand","embeddable":true,"href":"https:\/\/www.dressy.design\/fr\/wp-json\/wp\/v2\/product_brand?post=2262"},{"taxonomy":"product_cat","embeddable":true,"href":"https:\/\/www.dressy.design\/fr\/wp-json\/wp\/v2\/product_cat?post=2262"},{"taxonomy":"product_tag","embeddable":true,"href":"https:\/\/www.dressy.design\/fr\/wp-json\/wp\/v2\/product_tag?post=2262"}],"curies":[{"name":"wp","href":"https:\/\/api.w.org\/{rel}","templated":true}]}}

<div id="gap-992076286" class="gap-element clearfix hide-for-small" style="display:block; height:auto;">
		
<style>
#gap-992076286 {
  padding-top: 50px;
}
</style>
	</div>
	
<div class="row descripcion-parte-1"  id="row-196200729">

	<div id="col-1196713642" class="col hide-for-small medium-3 small-12 large-3"  >
				<div class="col-inner"  >
			
			
		</div>
					</div>

	

	<div id="col-1433464187" class="col medium-5 small-12 large-5"  data-animate="fadeInDown">
				<div class="col-inner"  >
			
			
	<div class="img has-hover x md-x lg-x y md-y lg-y" id="image_1058801619">
								<div class="img-inner image-zoom dark" >
			<img loading="lazy" decoding="async" width="800" height="800" src="https://www.dressy.design/wp-content/uploads/2021/11/Silla-Nubo-4102_Galeria_02.webp" class="attachment-large size-large" alt="" srcset="https://www.dressy.design/wp-content/uploads/2021/11/Silla-Nubo-4102_Galeria_02.webp 800w, https://www.dressy.design/wp-content/uploads/2021/11/Silla-Nubo-4102_Galeria_02-150x150.webp 150w, https://www.dressy.design/wp-content/uploads/2021/11/Silla-Nubo-4102_Galeria_02-768x768.webp 768w, https://www.dressy.design/wp-content/uploads/2021/11/Silla-Nubo-4102_Galeria_02-300x300.webp 300w, https://www.dressy.design/wp-content/uploads/2021/11/Silla-Nubo-4102_Galeria_02-640x640.webp 640w, https://www.dressy.design/wp-content/uploads/2021/11/Silla-Nubo-4102_Galeria_02-50x50.webp 50w, https://www.dressy.design/wp-content/uploads/2021/11/Silla-Nubo-4102_Galeria_02-100x100.webp 100w, https://www.dressy.design/wp-content/uploads/2021/11/Silla-Nubo-4102_Galeria_02-600x600.webp 600w" sizes="auto, (max-width: 800px) 100vw, 800px" />						
					</div>
								
<style>
#image_1058801619 {
  width: 100%;
}
</style>
	</div>
	
		</div>
					</div>

	

	<div id="col-238866233" class="col medium-4 small-12 large-4"  >
				<div class="col-inner"  >
			
			
	<div class="img has-hover x md-x lg-x y md-y lg-y" id="image_2007747109">
								<div class="img-inner dark" >
			<img loading="lazy" decoding="async" width="550" height="800" src="https://www.dressy.design/wp-content/uploads/2021/11/Silla-Nubo-4103_Galeria_01.webp" class="attachment-large size-large" alt="" srcset="https://www.dressy.design/wp-content/uploads/2021/11/Silla-Nubo-4103_Galeria_01.webp 550w, https://www.dressy.design/wp-content/uploads/2021/11/Silla-Nubo-4103_Galeria_01-150x218.webp 150w, https://www.dressy.design/wp-content/uploads/2021/11/Silla-Nubo-4103_Galeria_01-34x50.webp 34w, https://www.dressy.design/wp-content/uploads/2021/11/Silla-Nubo-4103_Galeria_01-69x100.webp 69w, https://www.dressy.design/wp-content/uploads/2021/11/Silla-Nubo-4103_Galeria_01-300x436.webp 300w" sizes="auto, (max-width: 550px) 100vw, 550px" />						
					</div>
								
<style>
#image_2007747109 {
  width: 87.5%;
}
</style>
	</div>
	
		</div>
					</div>

	
</div>
<div class="row descripcion-parte-1"  id="row-1319261162">

	<div id="col-1760085863" class="col hide-for-small medium-3 small-12 large-3"  >
				<div class="col-inner"  >
			
			
		</div>
					</div>

	

	<div id="col-1099549374" class="col medium-8 small-12 large-8"  data-animate="fadeInDown">
				<div class="col-inner"  >
			
			
<p>Nubo est la nouvelle collection de sièges conçue par Santiago Sevillano, résultat d’un travail artisanal soigné qui continue à rechercher de nouvelles expressions. L’une de ses principales caractéristiques formelles est la réunion des parties du dossier, qui donne du volume à la pièce comme s’il s’agissait de la fusion de trois nuages. Disponible avec quatre types de pieds, dont un rotatif, ce qui confère à la collection une grande polyvalence lors de la configuration du produit. Le dossier peut être haut ou bas. La collection comprend également un fauteuil de type lounge.</p>
		</div>
					</div>

	
</div>

<p>Chaise pivotant de dossier haut et pied central central fixe en métal avec coque entièrement tapissée en mousse de polyuréthane injectée.‎</p>
<p><strong>Designer</strong><br />
<a href="https://www.dressy.design/fr/c/dessinateurs/santiago-sevillano/">Santiago Sevillano</a></p>

<!-- This site is optimized with the Yoast SEO plugin v27.2 - https://yoast.com/product/yoast-seo-wordpress/ -->
<title>NUBO 4103 | Dressy</title>
<meta name="robots" content="index, follow, max-snippet:-1, max-image-preview:large, max-video-preview:-1" />
<link rel="canonical" href="https://www.dressy.design/fr/p/nubo-4103/" />
<meta property="og:locale" content="fr_FR" />
<meta property="og:type" content="article" />
<meta property="og:title" content="NUBO 4103 | Dressy" />
<meta property="og:description" content="Chaise pivotant de dossier haut et pied central central fixe en métal avec coque entièrement tapissée en mousse de polyuréthane injectée.‎  Designer" />
<meta property="og:url" content="https://www.dressy.design/fr/p/nubo-4103/" />
<meta property="og:site_name" content="Dressy" />
<meta property="article:modified_time" content="2022-06-08T10:15:18+00:00" />
<meta property="og:image" content="https://www.dressy.design/wp-content/uploads/2021/12/p_Silla-Nubo-4103-4104.webp" />
	<meta property="og:image:width" content="1195" />
	<meta property="og:image:height" content="1195" />
	<meta property="og:image:type" content="image/webp" />
<meta name="twitter:card" content="summary_large_image" />
<meta name="twitter:label1" content="Durée de lecture estimée" />
	<meta name="twitter:data1" content="1 minute" />
<script type="application/ld+json" class="yoast-schema-graph">{"@context":"https://schema.org","@graph":[{"@type":"WebPage","@id":"https://www.dressy.design/fr/p/nubo-4103/","url":"https://www.dressy.design/fr/p/nubo-4103/","name":"NUBO 4103 | Dressy","isPartOf":{"@id":"https://www.dressy.design/fr/#website"},"primaryImageOfPage":{"@id":"https://www.dressy.design/fr/p/nubo-4103/#primaryimage"},"image":{"@id":"https://www.dressy.design/fr/p/nubo-4103/#primaryimage"},"thumbnailUrl":"https://www.dressy.design/wp-content/uploads/2021/12/0-Silla-Nubo-4103-4104.jpg","datePublished":"2021-12-24T12:11:51+00:00","dateModified":"2022-06-08T10:15:18+00:00","breadcrumb":{"@id":"https://www.dressy.design/fr/p/nubo-4103/#breadcrumb"},"inLanguage":"fr-FR","potentialAction":[{"@type":"ReadAction","target":["https://www.dressy.design/fr/p/nubo-4103/"]}]},{"@type":"ImageObject","inLanguage":"fr-FR","@id":"https://www.dressy.design/fr/p/nubo-4103/#primaryimage","url":"https://www.dressy.design/wp-content/uploads/2021/12/0-Silla-Nubo-4103-4104.jpg","contentUrl":"https://www.dressy.design/wp-content/uploads/2021/12/0-Silla-Nubo-4103-4104.jpg","width":1195,"height":1195},{"@type":"BreadcrumbList","@id":"https://www.dressy.design/fr/p/nubo-4103/#breadcrumb","itemListElement":[{"@type":"ListItem","position":1,"name":"Portada","item":"https://www.dressy.design/fr/"},{"@type":"ListItem","position":2,"name":"Tienda","item":"https://www.dressy.design/es/?page_id=180"},{"@type":"ListItem","position":3,"name":"NUBO 4103"}]},{"@type":"WebSite","@id":"https://www.dressy.design/fr/#website","url":"https://www.dressy.design/fr/","name":"Dressy","description":"Sillas y mesas de máxima calidad y diseño","potentialAction":[{"@type":"SearchAction","target":{"@type":"EntryPoint","urlTemplate":"https://www.dressy.design/fr/?s={search_term_string}"},"query-input":{"@type":"PropertyValueSpecification","valueRequired":true,"valueName":"search_term_string"}}],"inLanguage":"fr-FR"}]}</script>
<!-- / Yoast SEO plugin. -->

Chaise pivotant de dossier haut et pied central central fixe en métal avec coque entièrement tapissée en mousse de polyuréthane injectée.‎  Designer

Sillas y mesas de máxima calidad y diseño
