{"id":7652,"date":"2025-11-13T14:17:27","date_gmt":"2025-11-13T13:17:27","guid":{"rendered":"https:\/\/www.dressy.design\/p\/joplin-mesa-auxiliar\/"},"modified":"2025-11-19T08:17:40","modified_gmt":"2025-11-19T07:17:40","slug":"joplin-table-basse","status":"publish","type":"product","link":"https:\/\/www.dressy.design\/fr\/p\/joplin-table-basse\/","title":{"rendered":"JOPLIN"},"content":{"rendered":"\t<div id=\"gap-1937221997\" class=\"gap-element clearfix hide-for-small\" style=\"display:block; height:auto;\">\n\t\t\n<style>\n#gap-1937221997 {\n  padding-top: 50px;\n}\n<\/style>\n\t<\/div>\n\t\n\t<div id=\"gap-709125459\" class=\"gap-element clearfix hide-for-small\" style=\"display:block; height:auto;\">\n\t\t\n<style>\n#gap-709125459 {\n  padding-top: 30px;\n}\n<\/style>\n\t<\/div>\n\t\n\t<div id=\"text-378141215\" class=\"text justify\">\n\t\t\n<p>La table basse Joplin rejoint la collection de tables con\u00e7ues par Sergio Rochas \u00e0 partir de la base de la table et des plaques m\u00e9talliques de 10 mm. Une base ronde en m\u00e9tal (\u00d830 cm) et une base carr\u00e9e (30&#215;30 cm) disponibles en trois hauteurs diff\u00e9rentes (Ht-33\/Ht-40\/Ht-55) composent la s\u00e9rie de tables Le plateau en c\u00e9ramique technique lamin\u00e9 est disponible en 8 mesures<\/p>\n\t\t\t<\/div>\n\t\n<div class=\"row descripcion-parte-1\"  id=\"row-1173905041\">\n\n\t<div id=\"col-841351137\" class=\"col medium-6 small-12 large-6\"  data-animate=\"fadeInDown\">\n\t\t\t\t<div class=\"col-inner\"  >\n\t\t\t\n\t\t\t\n\t<div class=\"img has-hover x md-x lg-x y md-y lg-y\" id=\"image_1455019915\">\n\t\t\t\t\t\t\t\t<div class=\"img-inner image-zoom dark\" >\n\t\t\t<img loading=\"lazy\" decoding=\"async\" width=\"700\" height=\"800\" src=\"https:\/\/www.dressy.design\/wp-content\/uploads\/2025\/11\/Mesa-Auxiliar-Joplin_Galeria_10.jpg\" class=\"attachment-large size-large\" alt=\"\" srcset=\"https:\/\/www.dressy.design\/wp-content\/uploads\/2025\/11\/Mesa-Auxiliar-Joplin_Galeria_10.jpg 700w, https:\/\/www.dressy.design\/wp-content\/uploads\/2025\/11\/Mesa-Auxiliar-Joplin_Galeria_10-150x171.jpg 150w, https:\/\/www.dressy.design\/wp-content\/uploads\/2025\/11\/Mesa-Auxiliar-Joplin_Galeria_10-300x343.jpg 300w, https:\/\/www.dressy.design\/wp-content\/uploads\/2025\/11\/Mesa-Auxiliar-Joplin_Galeria_10-600x686.jpg 600w\" sizes=\"auto, (max-width: 700px) 100vw, 700px\" \/>\t\t\t\t\t\t\n\t\t\t\t\t<\/div>\n\t\t\t\t\t\t\t\t\n<style>\n#image_1455019915 {\n  width: 100%;\n}\n<\/style>\n\t<\/div>\n\t\n\t\t<\/div>\n\t\t\t\t\t<\/div>\n\n\t\n\n\t<div id=\"col-1329631370\" class=\"col medium-6 small-12 large-6\"  data-animate=\"fadeInDown\">\n\t\t\t\t<div class=\"col-inner\"  >\n\t\t\t\n\t\t\t\n\t<div class=\"img has-hover x md-x lg-x y md-y lg-y\" id=\"image_129902318\">\n\t\t\t\t\t\t\t\t<div class=\"img-inner image-zoom image-cover dark\" style=\"padding-top:794px;\">\n\t\t\t<img loading=\"lazy\" decoding=\"async\" width=\"550\" height=\"800\" src=\"https:\/\/www.dressy.design\/wp-content\/uploads\/2025\/11\/Mesa-Auxiliar-Joplin_Galeria_08.jpg\" class=\"attachment-large size-large\" alt=\"\" srcset=\"https:\/\/www.dressy.design\/wp-content\/uploads\/2025\/11\/Mesa-Auxiliar-Joplin_Galeria_08.jpg 550w, https:\/\/www.dressy.design\/wp-content\/uploads\/2025\/11\/Mesa-Auxiliar-Joplin_Galeria_08-150x218.jpg 150w, https:\/\/www.dressy.design\/wp-content\/uploads\/2025\/11\/Mesa-Auxiliar-Joplin_Galeria_08-300x436.jpg 300w\" sizes=\"auto, (max-width: 550px) 100vw, 550px\" \/>\t\t\t\t\t\t\n\t\t\t\t\t<\/div>\n\t\t\t\t\t\t\t\t\n<style>\n#image_129902318 {\n  width: 100%;\n}\n<\/style>\n\t<\/div>\n\t\n\t\t<\/div>\n\t\t\t\t\t<\/div>\n\n\t\n<\/div>\n","protected":false},"excerpt":{"rendered":"<p>Table basse avec plateau en c\u00e9ramique et pied m\u00e9tallique disponible en huit dimensions et trois hauteurs diff\u00e9rentes.<\/p>\n<p><strong>Designer<\/strong><br \/>\n<a href=\"\"><\/a><\/p>\n","protected":false},"featured_media":7570,"template":"","meta":{"_acf_changed":false},"product_brand":[],"product_cat":[78,89,144],"product_tag":[],"class_list":{"0":"post-7652","1":"product","2":"type-product","3":"status-publish","4":"has-post-thumbnail","6":"product_cat-joplin","7":"product_cat-sergio-rochas","8":"product_cat-table-basse","10":"first","11":"instock","12":"product-type-simple"},"acf":[],"yoast_head":"<!-- This site is optimized with the Yoast SEO plugin v27.2 - https:\/\/yoast.com\/product\/yoast-seo-wordpress\/ -->\n<title>JOPLIN | Table basse con\u00e7ue par Sergio Rochas<\/title>\n<meta name=\"description\" content=\"La table basse Joplin rejoint la collection de tables con\u00e7ues par Sergio Rochas \u00e0 partir de la base de la table et des plaques m\u00e9talliques de 10 mm\" \/>\n<meta name=\"robots\" content=\"index, follow, max-snippet:-1, max-image-preview:large, max-video-preview:-1\" \/>\n<link rel=\"canonical\" href=\"https:\/\/www.dressy.design\/fr\/p\/joplin-table-basse\/\" \/>\n<meta property=\"og:locale\" content=\"fr_FR\" \/>\n<meta property=\"og:type\" content=\"article\" \/>\n<meta property=\"og:title\" content=\"JOPLIN | Table basse con\u00e7ue par Sergio Rochas\" \/>\n<meta property=\"og:description\" content=\"La table basse Joplin rejoint la collection de tables con\u00e7ues par Sergio Rochas \u00e0 partir de la base de la table et des plaques m\u00e9talliques de 10 mm\" \/>\n<meta property=\"og:url\" content=\"https:\/\/www.dressy.design\/fr\/p\/joplin-table-basse\/\" \/>\n<meta property=\"og:site_name\" content=\"Dressy\" \/>\n<meta property=\"article:modified_time\" content=\"2025-11-19T07:17:40+00:00\" \/>\n<meta property=\"og:image\" content=\"https:\/\/www.dressy.design\/wp-content\/uploads\/2025\/11\/0_Mesa-Aux-Joplin_1195x1195-px.jpg\" \/>\n\t<meta property=\"og:image:width\" content=\"1195\" \/>\n\t<meta property=\"og:image:height\" content=\"1195\" \/>\n\t<meta property=\"og:image:type\" content=\"image\/jpeg\" \/>\n<meta name=\"twitter:card\" content=\"summary_large_image\" \/>\n<meta name=\"twitter:label1\" content=\"Dur\u00e9e de lecture estim\u00e9e\" \/>\n\t<meta name=\"twitter:data1\" content=\"1 minute\" \/>\n<script type=\"application\/ld+json\" class=\"yoast-schema-graph\">{\"@context\":\"https:\/\/schema.org\",\"@graph\":[{\"@type\":\"WebPage\",\"@id\":\"https:\/\/www.dressy.design\/fr\/p\/joplin-table-basse\/\",\"url\":\"https:\/\/www.dressy.design\/fr\/p\/joplin-table-basse\/\",\"name\":\"JOPLIN | Table basse con\u00e7ue par Sergio Rochas\",\"isPartOf\":{\"@id\":\"https:\/\/www.dressy.design\/fr\/#website\"},\"primaryImageOfPage\":{\"@id\":\"https:\/\/www.dressy.design\/fr\/p\/joplin-table-basse\/#primaryimage\"},\"image\":{\"@id\":\"https:\/\/www.dressy.design\/fr\/p\/joplin-table-basse\/#primaryimage\"},\"thumbnailUrl\":\"https:\/\/www.dressy.design\/wp-content\/uploads\/2025\/11\/0_Mesa-Aux-Joplin_1195x1195-px.jpg\",\"datePublished\":\"2025-11-13T13:17:27+00:00\",\"dateModified\":\"2025-11-19T07:17:40+00:00\",\"description\":\"La table basse Joplin rejoint la collection de tables con\u00e7ues par Sergio Rochas \u00e0 partir de la base de la table et des plaques m\u00e9talliques de 10 mm\",\"breadcrumb\":{\"@id\":\"https:\/\/www.dressy.design\/fr\/p\/joplin-table-basse\/#breadcrumb\"},\"inLanguage\":\"fr-FR\",\"potentialAction\":[{\"@type\":\"ReadAction\",\"target\":[\"https:\/\/www.dressy.design\/fr\/p\/joplin-table-basse\/\"]}]},{\"@type\":\"ImageObject\",\"inLanguage\":\"fr-FR\",\"@id\":\"https:\/\/www.dressy.design\/fr\/p\/joplin-table-basse\/#primaryimage\",\"url\":\"https:\/\/www.dressy.design\/wp-content\/uploads\/2025\/11\/0_Mesa-Aux-Joplin_1195x1195-px.jpg\",\"contentUrl\":\"https:\/\/www.dressy.design\/wp-content\/uploads\/2025\/11\/0_Mesa-Aux-Joplin_1195x1195-px.jpg\",\"width\":1195,\"height\":1195},{\"@type\":\"BreadcrumbList\",\"@id\":\"https:\/\/www.dressy.design\/fr\/p\/joplin-table-basse\/#breadcrumb\",\"itemListElement\":[{\"@type\":\"ListItem\",\"position\":1,\"name\":\"Portada\",\"item\":\"https:\/\/www.dressy.design\/fr\/\"},{\"@type\":\"ListItem\",\"position\":2,\"name\":\"Tienda\",\"item\":\"https:\/\/www.dressy.design\/es\/?page_id=180\"},{\"@type\":\"ListItem\",\"position\":3,\"name\":\"JOPLIN\"}]},{\"@type\":\"WebSite\",\"@id\":\"https:\/\/www.dressy.design\/fr\/#website\",\"url\":\"https:\/\/www.dressy.design\/fr\/\",\"name\":\"Dressy\",\"description\":\"Sillas y mesas de m\u00e1xima calidad y dise\u00f1o\",\"potentialAction\":[{\"@type\":\"SearchAction\",\"target\":{\"@type\":\"EntryPoint\",\"urlTemplate\":\"https:\/\/www.dressy.design\/fr\/?s={search_term_string}\"},\"query-input\":{\"@type\":\"PropertyValueSpecification\",\"valueRequired\":true,\"valueName\":\"search_term_string\"}}],\"inLanguage\":\"fr-FR\"}]}<\/script>\n<!-- \/ Yoast SEO plugin. -->","yoast_head_json":{"title":"JOPLIN | Table basse con\u00e7ue par Sergio Rochas","description":"La table basse Joplin rejoint la collection de tables con\u00e7ues par Sergio Rochas \u00e0 partir de la base de la table et des plaques m\u00e9talliques de 10 mm","robots":{"index":"index","follow":"follow","max-snippet":"max-snippet:-1","max-image-preview":"max-image-preview:large","max-video-preview":"max-video-preview:-1"},"canonical":"https:\/\/www.dressy.design\/fr\/p\/joplin-table-basse\/","og_locale":"fr_FR","og_type":"article","og_title":"JOPLIN | Table basse con\u00e7ue par Sergio Rochas","og_description":"La table basse Joplin rejoint la collection de tables con\u00e7ues par Sergio Rochas \u00e0 partir de la base de la table et des plaques m\u00e9talliques de 10 mm","og_url":"https:\/\/www.dressy.design\/fr\/p\/joplin-table-basse\/","og_site_name":"Dressy","article_modified_time":"2025-11-19T07:17:40+00:00","og_image":[{"width":1195,"height":1195,"url":"https:\/\/www.dressy.design\/wp-content\/uploads\/2025\/11\/0_Mesa-Aux-Joplin_1195x1195-px.jpg","type":"image\/jpeg"}],"twitter_card":"summary_large_image","twitter_misc":{"Dur\u00e9e de lecture estim\u00e9e":"1 minute"},"schema":{"@context":"https:\/\/schema.org","@graph":[{"@type":"WebPage","@id":"https:\/\/www.dressy.design\/fr\/p\/joplin-table-basse\/","url":"https:\/\/www.dressy.design\/fr\/p\/joplin-table-basse\/","name":"JOPLIN | Table basse con\u00e7ue par Sergio Rochas","isPartOf":{"@id":"https:\/\/www.dressy.design\/fr\/#website"},"primaryImageOfPage":{"@id":"https:\/\/www.dressy.design\/fr\/p\/joplin-table-basse\/#primaryimage"},"image":{"@id":"https:\/\/www.dressy.design\/fr\/p\/joplin-table-basse\/#primaryimage"},"thumbnailUrl":"https:\/\/www.dressy.design\/wp-content\/uploads\/2025\/11\/0_Mesa-Aux-Joplin_1195x1195-px.jpg","datePublished":"2025-11-13T13:17:27+00:00","dateModified":"2025-11-19T07:17:40+00:00","description":"La table basse Joplin rejoint la collection de tables con\u00e7ues par Sergio Rochas \u00e0 partir de la base de la table et des plaques m\u00e9talliques de 10 mm","breadcrumb":{"@id":"https:\/\/www.dressy.design\/fr\/p\/joplin-table-basse\/#breadcrumb"},"inLanguage":"fr-FR","potentialAction":[{"@type":"ReadAction","target":["https:\/\/www.dressy.design\/fr\/p\/joplin-table-basse\/"]}]},{"@type":"ImageObject","inLanguage":"fr-FR","@id":"https:\/\/www.dressy.design\/fr\/p\/joplin-table-basse\/#primaryimage","url":"https:\/\/www.dressy.design\/wp-content\/uploads\/2025\/11\/0_Mesa-Aux-Joplin_1195x1195-px.jpg","contentUrl":"https:\/\/www.dressy.design\/wp-content\/uploads\/2025\/11\/0_Mesa-Aux-Joplin_1195x1195-px.jpg","width":1195,"height":1195},{"@type":"BreadcrumbList","@id":"https:\/\/www.dressy.design\/fr\/p\/joplin-table-basse\/#breadcrumb","itemListElement":[{"@type":"ListItem","position":1,"name":"Portada","item":"https:\/\/www.dressy.design\/fr\/"},{"@type":"ListItem","position":2,"name":"Tienda","item":"https:\/\/www.dressy.design\/es\/?page_id=180"},{"@type":"ListItem","position":3,"name":"JOPLIN"}]},{"@type":"WebSite","@id":"https:\/\/www.dressy.design\/fr\/#website","url":"https:\/\/www.dressy.design\/fr\/","name":"Dressy","description":"Sillas y mesas de m\u00e1xima calidad y dise\u00f1o","potentialAction":[{"@type":"SearchAction","target":{"@type":"EntryPoint","urlTemplate":"https:\/\/www.dressy.design\/fr\/?s={search_term_string}"},"query-input":{"@type":"PropertyValueSpecification","valueRequired":true,"valueName":"search_term_string"}}],"inLanguage":"fr-FR"}]}},"_links":{"self":[{"href":"https:\/\/www.dressy.design\/fr\/wp-json\/wp\/v2\/product\/7652","targetHints":{"allow":["GET"]}}],"collection":[{"href":"https:\/\/www.dressy.design\/fr\/wp-json\/wp\/v2\/product"}],"about":[{"href":"https:\/\/www.dressy.design\/fr\/wp-json\/wp\/v2\/types\/product"}],"wp:featuredmedia":[{"embeddable":true,"href":"https:\/\/www.dressy.design\/fr\/wp-json\/wp\/v2\/media\/7570"}],"wp:attachment":[{"href":"https:\/\/www.dressy.design\/fr\/wp-json\/wp\/v2\/media?parent=7652"}],"wp:term":[{"taxonomy":"product_brand","embeddable":true,"href":"https:\/\/www.dressy.design\/fr\/wp-json\/wp\/v2\/product_brand?post=7652"},{"taxonomy":"product_cat","embeddable":true,"href":"https:\/\/www.dressy.design\/fr\/wp-json\/wp\/v2\/product_cat?post=7652"},{"taxonomy":"product_tag","embeddable":true,"href":"https:\/\/www.dressy.design\/fr\/wp-json\/wp\/v2\/product_tag?post=7652"}],"curies":[{"name":"wp","href":"https:\/\/api.w.org\/{rel}","templated":true}]}}

<div id="gap-1937221997" class="gap-element clearfix hide-for-small" style="display:block; height:auto;">
		
<style>
#gap-1937221997 {
  padding-top: 50px;
}
</style>
	</div>
	
	<div id="gap-709125459" class="gap-element clearfix hide-for-small" style="display:block; height:auto;">
		
<style>
#gap-709125459 {
  padding-top: 30px;
}
</style>
	</div>
	
	<div id="text-378141215" class="text justify">
		
<p>La table basse Joplin rejoint la collection de tables conçues par Sergio Rochas à partir de la base de la table et des plaques métalliques de 10 mm. Une base ronde en métal (Ø30 cm) et une base carrée (30&#215;30 cm) disponibles en trois hauteurs différentes (Ht-33/Ht-40/Ht-55) composent la série de tables Le plateau en céramique technique laminé est disponible en 8 mesures</p>
			</div>
	
<div class="row descripcion-parte-1"  id="row-1173905041">

	<div id="col-841351137" class="col medium-6 small-12 large-6"  data-animate="fadeInDown">
				<div class="col-inner"  >
			
			
	<div class="img has-hover x md-x lg-x y md-y lg-y" id="image_1455019915">
								<div class="img-inner image-zoom dark" >
			<img loading="lazy" decoding="async" width="700" height="800" src="https://www.dressy.design/wp-content/uploads/2025/11/Mesa-Auxiliar-Joplin_Galeria_10.jpg" class="attachment-large size-large" alt="" srcset="https://www.dressy.design/wp-content/uploads/2025/11/Mesa-Auxiliar-Joplin_Galeria_10.jpg 700w, https://www.dressy.design/wp-content/uploads/2025/11/Mesa-Auxiliar-Joplin_Galeria_10-150x171.jpg 150w, https://www.dressy.design/wp-content/uploads/2025/11/Mesa-Auxiliar-Joplin_Galeria_10-300x343.jpg 300w, https://www.dressy.design/wp-content/uploads/2025/11/Mesa-Auxiliar-Joplin_Galeria_10-600x686.jpg 600w" sizes="auto, (max-width: 700px) 100vw, 700px" />						
					</div>
								
<style>
#image_1455019915 {
  width: 100%;
}
</style>
	</div>
	
		</div>
					</div>

	

	<div id="col-1329631370" class="col medium-6 small-12 large-6"  data-animate="fadeInDown">
				<div class="col-inner"  >
			
			
	<div class="img has-hover x md-x lg-x y md-y lg-y" id="image_129902318">
								<div class="img-inner image-zoom image-cover dark" style="padding-top:794px;">
			<img loading="lazy" decoding="async" width="550" height="800" src="https://www.dressy.design/wp-content/uploads/2025/11/Mesa-Auxiliar-Joplin_Galeria_08.jpg" class="attachment-large size-large" alt="" srcset="https://www.dressy.design/wp-content/uploads/2025/11/Mesa-Auxiliar-Joplin_Galeria_08.jpg 550w, https://www.dressy.design/wp-content/uploads/2025/11/Mesa-Auxiliar-Joplin_Galeria_08-150x218.jpg 150w, https://www.dressy.design/wp-content/uploads/2025/11/Mesa-Auxiliar-Joplin_Galeria_08-300x436.jpg 300w" sizes="auto, (max-width: 550px) 100vw, 550px" />						
					</div>
								
<style>
#image_129902318 {
  width: 100%;
}
</style>
	</div>
	
		</div>
					</div>

	
</div>

<p>Table basse avec plateau en céramique et pied métallique disponible en huit dimensions et trois hauteurs différentes.</p>
<p><strong>Designer</strong><br />
<a href=""></a></p>

<!-- This site is optimized with the Yoast SEO plugin v27.2 - https://yoast.com/product/yoast-seo-wordpress/ -->
<title>JOPLIN | Table basse conçue par Sergio Rochas</title>
<meta name="description" content="La table basse Joplin rejoint la collection de tables conçues par Sergio Rochas à partir de la base de la table et des plaques métalliques de 10 mm" />
<meta name="robots" content="index, follow, max-snippet:-1, max-image-preview:large, max-video-preview:-1" />
<link rel="canonical" href="https://www.dressy.design/fr/p/joplin-table-basse/" />
<meta property="og:locale" content="fr_FR" />
<meta property="og:type" content="article" />
<meta property="og:title" content="JOPLIN | Table basse conçue par Sergio Rochas" />
<meta property="og:description" content="La table basse Joplin rejoint la collection de tables conçues par Sergio Rochas à partir de la base de la table et des plaques métalliques de 10 mm" />
<meta property="og:url" content="https://www.dressy.design/fr/p/joplin-table-basse/" />
<meta property="og:site_name" content="Dressy" />
<meta property="article:modified_time" content="2025-11-19T07:17:40+00:00" />
<meta property="og:image" content="https://www.dressy.design/wp-content/uploads/2025/11/0_Mesa-Aux-Joplin_1195x1195-px.jpg" />
	<meta property="og:image:width" content="1195" />
	<meta property="og:image:height" content="1195" />
	<meta property="og:image:type" content="image/jpeg" />
<meta name="twitter:card" content="summary_large_image" />
<meta name="twitter:label1" content="Durée de lecture estimée" />
	<meta name="twitter:data1" content="1 minute" />
<script type="application/ld+json" class="yoast-schema-graph">{"@context":"https://schema.org","@graph":[{"@type":"WebPage","@id":"https://www.dressy.design/fr/p/joplin-table-basse/","url":"https://www.dressy.design/fr/p/joplin-table-basse/","name":"JOPLIN | Table basse conçue par Sergio Rochas","isPartOf":{"@id":"https://www.dressy.design/fr/#website"},"primaryImageOfPage":{"@id":"https://www.dressy.design/fr/p/joplin-table-basse/#primaryimage"},"image":{"@id":"https://www.dressy.design/fr/p/joplin-table-basse/#primaryimage"},"thumbnailUrl":"https://www.dressy.design/wp-content/uploads/2025/11/0_Mesa-Aux-Joplin_1195x1195-px.jpg","datePublished":"2025-11-13T13:17:27+00:00","dateModified":"2025-11-19T07:17:40+00:00","description":"La table basse Joplin rejoint la collection de tables conçues par Sergio Rochas à partir de la base de la table et des plaques métalliques de 10 mm","breadcrumb":{"@id":"https://www.dressy.design/fr/p/joplin-table-basse/#breadcrumb"},"inLanguage":"fr-FR","potentialAction":[{"@type":"ReadAction","target":["https://www.dressy.design/fr/p/joplin-table-basse/"]}]},{"@type":"ImageObject","inLanguage":"fr-FR","@id":"https://www.dressy.design/fr/p/joplin-table-basse/#primaryimage","url":"https://www.dressy.design/wp-content/uploads/2025/11/0_Mesa-Aux-Joplin_1195x1195-px.jpg","contentUrl":"https://www.dressy.design/wp-content/uploads/2025/11/0_Mesa-Aux-Joplin_1195x1195-px.jpg","width":1195,"height":1195},{"@type":"BreadcrumbList","@id":"https://www.dressy.design/fr/p/joplin-table-basse/#breadcrumb","itemListElement":[{"@type":"ListItem","position":1,"name":"Portada","item":"https://www.dressy.design/fr/"},{"@type":"ListItem","position":2,"name":"Tienda","item":"https://www.dressy.design/es/?page_id=180"},{"@type":"ListItem","position":3,"name":"JOPLIN"}]},{"@type":"WebSite","@id":"https://www.dressy.design/fr/#website","url":"https://www.dressy.design/fr/","name":"Dressy","description":"Sillas y mesas de máxima calidad y diseño","potentialAction":[{"@type":"SearchAction","target":{"@type":"EntryPoint","urlTemplate":"https://www.dressy.design/fr/?s={search_term_string}"},"query-input":{"@type":"PropertyValueSpecification","valueRequired":true,"valueName":"search_term_string"}}],"inLanguage":"fr-FR"}]}</script>
<!-- / Yoast SEO plugin. -->

JOPLIN | Table basse conçue par Sergio Rochas

La table basse Joplin rejoint la collection de tables conçues par Sergio Rochas à partir de la base de la table et des plaques métalliques de 10 mm

Sillas y mesas de máxima calidad y diseño
